isor of 7076 and 928?
116
What is the greatest common divisor of 15148 and 196?
28
Calculate the highest common divisor of 1 and 135.
1
What is the highest common factor of 70 and 28?
14
Calculate the highest common divisor of 85 and 2159.
17
What is the highest common divisor of 5 and 3375?
5
Calculate the greatest common factor of 6 and 74.
2
What is the greatest common divisor of 4 and 12020?
4
What is the greatest common factor of 56 and 182?
14
What is the highest common divisor of 121 and 62678?
121
Calculate the highest common divisor of 72 and 324.
36
What is the greatest common divisor of 18 and 38322?
18
What is the highest common factor of 75 and 725?
25
Calculate the highest common divisor of 12142 and 104.
26
Calculate the greatest common factor of 1458 and 1134.
162
Calculate the highest common factor of 1701 and 42.
21
Calculate the highest common factor of 80 and 68.
4
Calculate the highest common factor of 1998 and 135.
27
Calculate the highest common factor of 7 and 483.
7
Calculate the greatest common factor of 3599 and 59.
59
Calculate the greatest common divisor of 340 and 39440.
340
What is the highest common factor of 55 and 10?
5
What is the highest common factor of 14 and 37016?
14
Calculate the highest common factor of 64 and 928.
32
What is the greatest common factor of 21 and 14?
7
What is the highest common factor of 352 and 224?
32
What is the greatest common factor of 1353 and 99?
33
Calculate the highest common factor of 120 and 15600.
120
What is the greatest common factor of 114 and 18?
6
Calculate the greatest common factor of 168 and 952.
56
Calculate the highest common divisor of 132 and 88.
44
What is the greatest common divisor of 4169 and 1137?
379
Calculate the greatest common divisor of 69 and 92.
23
Calculate the highest common divisor of 40 and 20.
20
What is the greatest common factor of 120 and 760?
40
What is the highest common divisor of 3478 and 94?
94
Calculate the greatest common factor of 49 and 448.
7
Calculate the greatest common factor of 741 and 76.
19
What is the greatest common factor of 1842 and 6?
6
What is the greatest common factor of 418 and 220?
22
Calculate the greatest common divisor of 3543 and 6.
3
What is the greatest common factor of 49 and 10192?
49
Calculate the greatest common divisor of 170 and 73610.
170
What is the greatest common factor of 144 and 144?
144
What is the greatest common factor of 24 and 128?
8
What is the highest common divisor of 1024 and 128?
128
What is the highest common divisor of 3026 and 68?
34
What is the highest common divisor of 175 and 200?
25
What is the greatest common divisor of 20 and 40?
20
What is the highest common divisor of 1419 and 396?
33
Calculate the greatest common factor of 30 and 735.
15
What is the highest common factor of 170 and 1090?
10
What is the greatest common factor of 164 and 41?
41
What is the highest common factor of 232 and 1566?
58
What is the highest common divisor of 36 and 1044?
36
Calculate the greatest common divisor of 23348 and 52.
52
What is the greatest common divisor of 286 and 130?
26
What is the greatest common divisor of 335 and 134?
67
Calculate the greatest common factor of 1081 and 299.
23
What is the highest common factor of 162 and 1242?
54
What is the highest common divisor of 80 and 10?
10
What is the greatest common factor of 51 and 272?
17
Calculate the highest common divisor of 63872 and 128.
128
Calculate the highest common divisor of 8 and 280.
8
Calculate the highest common divisor of 18 and 6.
6
Calculate the greatest common factor of 32 and 10064.
16
Calculate the greatest common factor of 320 and 2160.
80
Calculate the greatest common divisor of 20 and 44860.
20
What is the highest common divisor of 124 and 12?
4
What is the highest common divisor of 10 and 46?
2
Calculate the highest common divisor of 28 and 60.
4
Calculate the greatest common divisor of 646 and 748.
34
What is the greatest common factor of 520 and 160?
40
What is the greatest common factor of 4 and 172?
4
Calculate the greatest common factor of 152 and 1976.
152
Calculate the highest common divisor of 102 and 1190.
34
Calculate the highest common factor of 996 and 12.
12
What is the highest common divisor of 1501 and 1957?
19
Calculate the highest common factor of 10679 and 724.
181
What is the greatest common divisor of 97 and 4?
1
What is the highest common divisor of 3265 and 15?
5
Calculate the greatest common factor of 560 and 80.
80
Calculate the greatest common divisor of 50 and 4775.
25
What is the highest common factor of 1 and 7?
1
What is the greatest common factor of 11408 and 16?
16
What is the greatest common factor of 116 and 638?
58
Calculate the highest common factor of 22 and 6754.
22
What is the greatest common divisor of 308 and 36?
4
What is the greatest common divisor of 3888 and 810?
162
Calculate the highest common factor of 4760 and 8120.
280
Calculate the greatest common divisor of 662 and 4.
2
Calculate the greatest common divisor of 13264 and 16.
16
What is the greatest common factor of 360 and 828?
36
Calculate the greatest common factor of 342 and 741.
57
Calculate the greatest common factor of 26 and 806.
26
What is the highest common divisor of 955 and 10?
5
What is the greatest common divisor of 357 and 153?
51
Calculate the highest common factor of 36 and 1380.
12
What is the greatest common factor of 418 and 33?
11
What is the greatest common factor of 31 and 124?
31
What is the highest common divisor of 81 and 18?
9
What is the greatest common factor of 10 and 810?
10
Calculate the highest common divisor of 289 and 1292.
17
What is the highest common factor of 182 and 70?
14
Calculate the greatest common divisor of 864 and 243.
27
What is the highest common divisor of 4572 and 36?
36
Calculate the highest common divisor of 1474 and 352.
22
What is the highest common factor of 248 and 80?
8
What is the highest common factor of 38 and 8?
2
What is the greatest common divisor of 207 and 54?
9
Calculate the greatest common divisor of 29271 and 66.
33
Calculate the greatest common divisor of 13482 and 21.
21
Calculate the highest common divisor of 93 and 341.
31
What is the greatest common factor of 17 and 7123?
17
What is the highest common factor of 517 and 33?
11
What is the greatest common divisor of 10016 and 313?
313
Calculate the highest common factor of 9 and 8271.
9
Calculate the highest common factor of 658 and 28.
14
Calculate the greatest common divisor of 1586 and 78.
26
Calculate the highest common factor of 4 and 64.
4
What is the greatest common divisor of 924 and 4884?
132
Calculate the greatest common factor of 105 and 609.
21
What is the greatest common factor of 46 and 16514?
46
What is the greatest common factor of 152 and 4408?
152
What is the greatest common factor of 22 and 1606?
22
What is the highest common divisor of 300 and 192?
12
Calculate the highest common factor of 51 and 221.
17
Calculate the highest common divisor of 252 and 1596.
84
Calculate the highest common factor of 3082 and 67.
67
Calculate the greatest common divisor of 764 and 20.
4
Calculate the highest common divisor of 1341 and 9.
9
Calculate the highest common factor of 10 and 15930.
10
What is the highest common divisor of 10 and 290?
10
Calculate the greatest common factor of 1349 and 781.
71
What is the greatest common factor of 621 and 2691?
207
What is the highest common divisor of 306 and 36?
18
Calculate the greatest common factor of 27 and 783.
27
Calculate the highest common factor of 34 and 7157.
17
Calculate the highest common divisor of 1 and 5674.
1
What is the highest common divisor of 452 and 4?
4
Calculate the greatest common divisor of 12 and 876.
12
Calculate the greatest common factor of 294 and 336.
42
Calculate the greatest common divisor of 16 and 3088.
16
Calculate the highest common divisor of 8 and 980.
4
What is the highest common divisor of 99 and 22?
11
Calculate the greatest common divisor of 222 and 66.
6
Calculate the greatest common factor of 160 and 56.
8
What is the highest common divisor of 300 and 3840?
60
What is the highest common divisor of 759 and 1023?
33
What is the greatest common factor of 4082 and 26?
26
What is the highest common factor of